ime factors of (-16)/28 + 1 + (-2816)/(-28)?
101
Let l(b) = 41*b - 7. What are the prime factors of l(9)?
2, 181
Let q be (10 - 9)/((-2)/10). Let l(c) = c**2 + 2*c - 3. Let j be l(q). Suppose j*b - 7*b = 85. What are the prime factors of b?
17
Let x(o) = 184*o - 23. List the prime factors of x(4).
23, 31
Suppose 0 + 33 = -3*s. Let h = 11 + s. Let o = 20 + h. What are the prime factors of o?
2, 5
Let o(h) = -h**2 + 28*h + 20. Let g be o(22). Suppose 10*r - 338 = g. List the prime factors of r.
7
Suppose 2*z = 4 + 2. Suppose 4 = z*q - 2. Suppose 0 = -2*w + 6*w + q*l - 142, w - 43 = -2*l. What are the prime factors of w?
3, 11
Suppose 0 = s, 5*s = 2*x - 4 - 0. Suppose 0 = x*l - 35 - 115. What are the prime factors of l?
3, 5
Suppose -3*o = o - 1144. What are the prime factors of (-4)/(-5) + o/5?
2, 29
Suppose -6 - 14 = 5*z. Let v be (z - -19)/((-3)/2). Let s = 5 - v. List the prime factors of s.
3, 5
Suppose 0 = -3*x + x - 5*j + 2114, 3*j = 0. List the prime factors of x.
7, 151
Let v(u) = -3*u + 15. Let z be v(8). What are the prime factors of 2/z - (-15036)/108?
139
Let d = -2561 + 4055. What are the prime factors of d?
2, 3, 83
Suppose 709 = 2*v - 3*s, -27*s + 22*s = 2*v - 733. What are the prime factors of v?
359
Suppose -5*k - y = -1420, -2*k - 2*k + 1165 = -5*y. What are the prime factors of k?
3, 5, 19
Let l(p) = -6*p + 28. Let y be l(-5). Let v = 92 - y. List the prime factors of v.
2, 17
Let p(c) = 139*c**3 + 2*c**2 - 3*c + 2. Let m be p(1). Suppose l - m = -4*l. What are the prime factors of l?
2, 7
Suppose -21*q + 19*q = -1510. What are the prime factors of q?
5, 151
Let f(r) = -287*r + 135. List the prime factors of f(-5).
2, 5, 157
Let x(j) = j**3 + 2*j**2 + 2*j + 2. Let a be x(-2). What are the prime factors of (2 + -12)*9/a?
3, 5
Suppose -2*q = 2*q - 4*o - 28, -o + 11 = 2*q. Suppose h = q*h - 225. Suppose -h + 13 = -2*d. List the prime factors of d.
2
Let w(l) = -l**2 - 6*l - 2. Let t be w(-5). Suppose -9*c - 39 = -12*c. What are the prime factors of c*t*(-6)/(-6)?
3, 13
Let b(l) = 38*l - 8. What are the prime factors of b(20)?
2, 47
Let d(k) = 70*k + 249. What are the prime factors of d(6)?
3, 223
Let p(a) = -a**2 + 2*a + 12. Let l be p(6). List the prime factors of (-1*(-4)/l)/((-1)/21).
7
Let x = -119 - -263. What are the prime factors of x?
2, 3
Suppose 54*c = 89*c - 169680. List the prime factors of c.
2, 3, 101
Suppose 5*s + 5*f = 3*s + 534, 3*s - 2*f = 839. Suppose -5*o + s + 23 = 0. What are the prime factors of o?
2, 3, 5
Let z be (-72)/18 - (-4)/(-2). Let m be (-17 - -15)/((-4)/z). List the prime factors of 4 + -35*3/m.
3, 13
Let y(m) = -2*m + 3. Let b be y(-6). Suppose 4 = 2*l - 0*l + 2*d, d + 7 = 2*l. Suppose b = 4*c + l. What are the prime factors of c?
3
Suppose 0 = 3*y - 10*c + 7*c - 3765, -3*y - 4*c + 3758 = 0. List the prime factors of y.
2, 3, 11, 19
Let s(x) = 129*x**2 + 8*x - 6. List the prime factors of s(1).
131
Let y = -765 - -1655. What are the prime factors of y?
2, 5, 89
Let o(z) = -z**3 - 7*z**2 + 7*z - 1. Let j be o(-8). Let r(f) = -4 + f**2 - 2*f - j - 6*f. What are the prime factors of r(11)?
2, 11
Let s(u) = 29*u**2 - 6*u + 34. What are the prime factors of s(6)?
2, 521
Suppose 0 = -2*t + t - 34. Let b = t + 49. Suppose 0*w = w - b. List the prime factors of w.
3, 5
Let u be (-4)/(-12) + (-179)/(-3). Let c = u + -21. Let v = -3 + c. List the prime factors of v.
2, 3
Suppose 4*r + 2*x = 8440, 2*x + 3295 + 5145 = 4*r. What are the prime factors of r?
2, 5, 211
Let k = -126 + 187. Let s = 102 - k. What are the prime factors of s?
41
Suppose 4*g = -4*d + 30 + 34, -4*g = -d + 6. Suppose -4*h + 6 = -d, 110 = 3*c - 2*h. List the prime factors of c.
2, 5
Let t = -24 + -19. Let c = -27 - t. Suppose -2*q + c = -20. What are the prime factors of q?
2, 3
Let l(v) = v**2 - v - 1. Suppose t - 2*s = 2, 2*t - 3*s - 2*s - 4 = 0. Let b be l(t). List the prime factors of (68/12 + b)*3.
2, 5
Let d = 21 + -28. Let q(m) = -m**2 + 10. Let n be q(d). What are the prime factors of (-8)/52 + (-357)/n?
3
Let j = -3 + 7. Let i be 12/(-30) - 66/(-15). List the prime factors of 5*(0 + i)/j.
5
Suppose 0 = 2*l - 4*h - 414, -10*l + 3*h = -15*l + 1035. What are the prime factors of l?
3, 23
Suppose q - 5*m = -126, -q - 3*m - 124 = -7*m. Let f = q + 62. Let h = f - -116. List the prime factors of h.
2, 31
Suppose 169*w - 171*w = -1054. What are the prime factors of w?
17, 31
Suppose 2*q - 5 = 3*h, q + 4*q + 13 = -h. Let w be ((-7)/(-14))/(q/(-8)). Suppose 5*f - w*z = 40, 0 = -5*f + 5*z + 27 - 2. List the prime factors of f.
2, 5
Let h = 39 - 41. Let a = h + 52. What are the prime factors of a?
2, 5
Let m be (3/(-6) + 2)*2. Let d(i) = i**3 + 4*i**2 + i - 2. What are the prime factors of d(m)?
2
Let n(c) = c**2 - 6*c - 18. List the prime factors of n(27).
3, 61
Suppose -440*r = -434*r - 4518. What are the prime factors of r?
3, 251
Suppose 14*f - 18 = 8*f. Suppose 0 = 14*w - f*w - 330. List the prime factors of w.
2, 3, 5
Suppose 4 = -5*s + 24. Suppose -229 = -s*f - 5. Suppose -2*i = 2*r - f, -118 = -5*i + 2*r + 8. List the prime factors of i.
2, 13
What are the prime factors of -2 + (-21504)/(-35) + (-6)/(-10)?
613
Suppose 12*v - 8*v = -20. What are the prime factors of 20/6*(v - -8)?
2, 5
Suppose 0 = 2*a + x - 7, x = -a + 2. List the prime factors of (a + -1)*(1 + 10).
2, 11
Suppose l + 3 + 5 = 4*a, l - 5*a = -11. Let j be -10*-2*l/(-8). What are the prime factors of (-20)/50 - 24/j?
2
Let d(t) = -t - 3. Let s be d(-3). Suppose 5*i + 2*i - 217 = s. What are the prime factors of i?
31
Let j(s) = 98*s - 16. List the prime factors of j(8).
2, 3
Suppose -4*y = 5*q - 5489, 0 = 2*y - 3*q + 5*q - 2746. What are the prime factors of y?
2, 43
Let m(i) = -i**3 + 5*i**2 - 2*i + 5. Let g be m(5). Let l(k) be the first derivative of -k**3/3 - 3*k**2 + k - 1. What are the prime factors of l(g)?
2, 3
Let n = -690 - -3169. What are the prime factors of n?
37, 67
Let m(i) = i**2 - 5*i + 6. Let s be m(5). Suppose 4*k - 134 = s. List the prime factors of k.
5, 7
Suppose -14*n + 4*n = 0. Suppose 7*w - 6*w - 14 = n. List the prime factors of 4/w - (-2703)/119.
23
Let o = -3 - 7. What are the prime factors of o/45 + (-407)/(-9)?
3, 5
Let n(m) = -m**2 - 12*m - 16. Let o be n(-10). What are the prime factors of 162/(22/4 - o)?
2, 3
Let k be (-23 - (0 - 3)) + 2. Let o = -15 - k. Suppose -4*g + 135 = 3*v, o*v - 161 = -5*g + 7. What are the prime factors of g?
3, 11
Let i(b) = 4*b**2 + 5*b - 6. Let o be i(-8). Suppose 9*q - o = 7*q. List the prime factors of q.
3, 5, 7
Suppose -2*b - 2188 = d, 2*d - 5*b = -3007 - 1405. List the prime factors of 2/(-4) - d/24.
7, 13
Let n(d) = 6*d**3 - 2*d - 1. Let r be n(-1). Let z(o) = -2*o**3 - 6*o**2 - 5*o + 3. What are the prime factors of z(r)?
2
Suppose 0*a + 4 = a. Let w be -1*190/4*(-32)/10. Suppose -g + w = a*s, g = 2*s - 77 - 5. What are the prime factors of s?
3, 13
Let b = 84 - 108. List the prime factors of b/(-84) - (2 + (-1734)/7).
2, 3, 41
List the prime factors of 5*((-6)/15 - (-4795)/25).
3, 11, 29
Let v(x) = -x**3 + x**2 + 2*x + 1. Let m be v(2). Let r = m + 3. Suppose 2*q - t - 18 = q, -t = -r*q + 75. What are the prime factors of q?
19
Let n = 64 - 60. List the prime factors of (-1)/(-6)*n*51.
2, 17
Let h = -38 - -58. Let b = -14 + h. Suppose 4 = -l + b. List the prime factors of l.
2
Let j = 1575 + -799. What are the prime factors of j?
2, 97
Let n(d) = 3*d - 18. Let a be n(11). Let s = -15 - a. List the prime factors of 3/((-3)/(-2)) - s.
2
Let k be (-1292)/(-8)*(-4)/(-2). Suppose 0*x = -17*x + k. List the prime factors of x.
19
Let d be (-171)/19 - (2 - -1). What are the prime factors of 0 - 3375/(-20) - (-9)/d?
2, 3, 7
Let p(s) = -2*s**3 - 12*s**2 + 16*s - 4. Let z(i) = -5*i**3 - 25*i**2 + 32*i - 7. Let a(d) = 7*p(d) - 3*z(d). List the prime factors of a(8).
3, 19
Let i(j) = -j**2. Let b be i(-2). Let p(m) = 0*m - 2 - 7*m - 4*m + 3*m. What are the prime factors of p(b)?
2, 3, 5
Let i = 52 - 97. Let o = 29 - i. Let t = o + -30. List the prime factors of t.
2, 11
Let q(w) = -w**2 + 24*w - 6. Let i be q(5). Let g = i + -3. List the prime factors of g.
2, 43
Let u(l) = 1. Let k(v) = v + 15. Let o(w) = -k(w) + 4*u(w). Let q be o(-8). Let s = q - -6. What are the prime factors of s?
3
Suppose 0 = n - 0*n 